3*q - 92. What is the tens digit of d?
3
Suppose 34*a - 56*a + 41206 = 0. What is the tens digit of a?
7
Let n = 249 - 128. What is the hundreds digit of n?
1
Let n(f) = 5*f**2 - 13*f - 5. Let s(y) = -y**2 + 7*y - 4. Let p be s(5). Let w(a) = -a**2. Let z(l) = p*w(l) + n(l). What is the units digit of z(-9)?
1
Suppose -16 = -4*b - 4. Suppose t = -34 + 169. Suppose -b*l + t = 2*l. What is the tens digit of l?
2
Let g = -291 - -465. Suppose g = 3*w - 33. What is the tens digit of w?
6
Let q be ((-5)/(-15) - 0)*21. Suppose p - q - 28 = 0. What is the units digit of p?
5
Let s(n) = -1941*n - 302. What is the tens digit of s(-2)?
8
Let l(q) = 9*q**3 - 3*q**2 - 5*q + 12. What is the hundreds digit of l(3)?
2
Let a(c) = -c + 8. Let m be a(5). Suppose -m*z = -l + 9, -5*z + 0*z - 2*l = 15. Let n = 42 + z. What is the units digit of n?
9
Suppose -3*s - 6 = 0, -4*w = -w + 3*s + 87. Suppose -5*u + 204 = 3*t, u - 75 = -u + t. Let k = u - w. What is the tens digit of k?
6
Let k(w) = -w - 8. Let o be k(-8). Suppose o = -8*z + 80 + 584. What is the units digit of z?
3
Let f(o) = o**2 + 3*o. Let w be f(-5). Let n = w + 41. What is the tens digit of n?
5
Suppose -p + 165 = 10*p. Let j(a) = a**2 - 10*a - 59. What is the tens digit of j(p)?
1
Suppose 201*n - 210*n = -10431. What is the hundreds digit of n?
1
Let p be (-8)/(-12)*(-18)/(-4). Let g be (-3 + p - -66) + -3. Suppose -37 = -5*u + g. What is the tens digit of u?
2
What is the tens digit of (-2)/(-16) + (-87555)/(-104)?
4
Let h(w) = 2*w**2 + 5*w - 19 + 28 - w**2 + w. Let i(l) = -3*l**2 - 18*l - 27. Let o(x) = -11*h(x) - 4*i(x). What is the units digit of o(-4)?
1
Let v = 49 - 75. Let c = -284 - -283. What is the tens digit of 1 + 1/c - v?
2
Let i(a) = -36*a - 50. What is the units digit of i(-16)?
6
Suppose 4*b = -4*x, b = 4*x - b - 18. Suppose 0 = -0*y - 2*y + 4*q + 26, x*y + 5*q = -5. Let w = 0 + y. What is the units digit of w?
5
Suppose 5*p = o + 40, -5*o - 85 = -5*p - 25. Let u = p - 5. Suppose 43 = u*s - 39. What is the tens digit of s?
4
Let z(n) be the third derivative of -n**5/60 - 3*n**4/8 + 4*n**3/3 + 28*n**2. Let y be (-2)/(4/(-2)) - 7. What is the units digit of z(y)?
6
Suppose 0 = 51*f - 55*f + 7216. Suppose -896 = -4*q - 5*o, -3*o = -5*q + f - 721. What is the tens digit of q?
1
Let r(j) = 5*j - 13. Let v be r(4). Let q = v - 4. Suppose 113 = q*h - 5*m - 42, 0 = -3*h - 2*m + 190. What is the units digit of h?
0
Suppose -4 = -6*c + 4*c. Suppose -c*g + 75 = -7*g. What is the units digit of 10/g*6/(-4)?
1
Let h = 1051 - 643. What is the units digit of h?
8
Suppose -3*v = i - 170, i + 199 - 33 = 3*v. Let s = v - 4. What is the units digit of s?
2
Suppose -2*x = b - 350, -5*b + 25*x = 30*x - 1760. What is the hundreds digit of b?
3
Suppose -25 = -5*d, 7*d - 2377 = -3*u + 2*d. What is the hundreds digit of u?
7
Suppose -3*c + 4 = -5. Suppose 5*q - 161 = -c*p, 2*q - 6*q - p + 133 = 0. Suppose 3*i + l = 50, 0 = 4*i - 5*i + 4*l + q. What is the units digit of i?
8
Let h(u) = 199*u**3 + 4*u**2 - 3*u. What is the units digit of h(2)?
2
Let m(a) = 4*a**3 - 27*a**2 - 2*a + 43. What is the tens digit of m(13)?
4
Suppose -2*j = -4 - 176. What is the tens digit of j?
9
Suppose 2076 = 3*x - 2*l, 12*x + 4*l + 2076 = 15*x. What is the tens digit of x?
9
What is the tens digit of (48/(-28))/((-6)/2205)?
3
Suppose -4*x - 16 + 36 = 0. Suppose -4*w = -3*w - 5*l + 21, 20 = 4*l. Suppose -j = j - 6, w*j + 43 = x*a. What is the tens digit of a?
1
Let h be ((-4)/8)/(3/(-108)). Let w(j) = j**2 - 18*j + 42. What is the tens digit of w(h)?
4
Suppose -12 = -3*d, 11 = 3*i - 2*i + 4*d. Let o(w) = -w**2 - 6*w. Let g be o(i). Suppose -88 = -g*y + y. What is the tens digit of y?
2
Let p = -289 + 443. What is the tens digit of (p/21)/(2/12)?
4
Let u = -1726 + 3851. What is the units digit of u?
5
Let p(x) = -x**3 + 2*x**2 + 1. Let j be p(-5). What is the hundreds digit of (16/4)/4*j?
1
What is the units digit of 916 + (-7)/((-9)/(-9))?
9
Let g(f) = -f**2 + 4*f - 3. Let l be g(2). Suppose j + l = 20. What is the tens digit of j?
1
Let c = 2278 - 1124. What is the hundreds digit of c?
1
Let m(s) = 22*s**2 - s + 1. Let q be m(1). Let r = q + -19. What is the units digit of (-78)/(-10) - r/(-15)?
8
Let k be (4 - 3 - 5)*-4. What is the units digit of 1/4 + -1454*(-2)/k?
2
Let s(h) = h**2 - 10*h - 34. What is the thousands digit of s(70)?
4
Let i(t) = t**2 + 11*t - 18. Let v be i(-15). What is the tens digit of (21/v)/((-2)/(-1 - 555))?
3
Suppose 3*m - 71 - 88 = 0. What is the tens digit of m?
5
Suppose 11540 = 115*l - 309195. What is the units digit of l?
9
Suppose 0 = -3*v - 0*v + 12. Suppose -8 = -v*w + 2*w. Suppose b - 2*s = -b + 36, -b - w*s = 7. What is the tens digit of b?
1
Let w(l) = 17*l - 58. What is the hundreds digit of w(29)?
4
Let q = 514 - 748. Let h = -125 - q. What is the tens digit of h?
0
Let g(w) be the second derivative of w**7/1260 - w**6/360 - w**4/3 + 2*w. Let l(m) be the third derivative of g(m). What is the units digit of l(4)?
4
Let h = 253 - 175. What is the units digit of h?
8
Let v be ((-90)/(-24))/(3/(-56)). Let w = 100 + v. What is the tens digit of w?
3
Suppose -2*m = -4*m - 4. Let j = 0 - m. Suppose -j*y + 49 = 2*p + 5, -70 = -5*p + 3*y. What is the units digit of p?
7
Suppose -5*y + 2476 = -y. What is the tens digit of y?
1
Let t be (-1)/((-113)/436 + (-4)/(-16)). Suppose 4*h - t = -k, 2*k = 6*k - 4. What is the tens digit of h?
2
Let a(b) = -20 + 4 - 8 + 2 + 15*b. What is the units digit of a(10)?
8
Let d be (-2054)/(-5) + 12/(-15) + 0. Let i = -208 + d. What is the hundreds digit of i?
2
Let u be 3*(-5 - 88/(-12)). Suppose -u*j + 115 = -32. What is the units digit of j?
1
Let h be 6/(-8) - (-33)/(-4). Let w = h - -12. Suppose -3*o + 8 + 8 = -r, -24 = -5*o + w*r. What is the units digit of o?
6
Let y = 167 + 31. Suppose -y = -3*m - 0*m. What is the units digit of m?
6
Suppose 2*r - 108 = -2*r. Suppose 0 = -2*u - 67 + r. What is the units digit of 4/10 + (-92)/u?
5
Let l(g) = -5*g + 640. Let r be l(0). Suppose 0 = i - 6*i + r. What is the hundreds digit of i?
1
Suppose -3*l = -2*l - 3. Let s(k) = -2*k. Let t be s(l). Let j = t - -18. What is the units digit of j?
2
Suppose 644 + 181 = -3*a. What is the tens digit of 10/60 - a/6?
4
Suppose 2*m - 435 = p - 8, 3*m - 2*p - 642 = 0. Suppose k - 41 = 2*h, m = -k + 6*k - 3*h. What is the tens digit of k?
4
Let a = 1556 - 863. What is the hundreds digit of a?
6
Let q(u) = 21*u**2 - 33*u - 128. What is the hundreds digit of q(-5)?
5
Let l(o) = o**2 + 9*o - 4. Let m be l(-10). What is the tens digit of ((-4)/m*-1)/((-16)/(-2208))?
9
Suppose -8 = 6*x - 20. Suppose 0*n = 5*g + x*n + 342, 3*n + 343 = -5*g. Let s = g - -118. What is the units digit of s?
0
Let x = 42 - 18. Suppose -j = -5*j - x. What is the tens digit of 16/j*165/(-20)?
2
Let j be (10/(-3) - -4)*3/(-2). What is the units digit of ((244/3)/j)/((-2)/3)?
2
Let k = 14 - 9. Suppose -k*n + 0*i + 393 = -4*i, 3*n + 4*i = 255. What is the tens digit of n?
8
Suppose n = -4*p - 0*p - 1, 14 = 3*n - 5*p. Let x(v) = -17*v**n + 25 + v**2 + v + 0*v - 24. What is the units digit of x(-1)?
8
Let x be ((-9)/12)/(2/(-8)). Let s(a) = x*a + 8*a**2 - 3 - 6*a - 7*a**2 + 0*a. What is the tens digit of s(-7)?
6
Let h be -312 - (2 - (-4 + 2)). Let w = h - -470. What is the hundreds digit of w?
1
Let g be (-2)/(-16) - 858/208. What is the units digit of ((-1)/1)/((-2079)/519 - g)?
3
Suppose d + 4 = 0, -k - d = 3*k - 3192. What is the tens digit of k?
9
Let j be (45/10)/(2/12). Suppose -2*y - 5 + j = 0. Suppose 2*u - 29 = y. What is the tens digit of u?
2
Let h = -44 - -77. Let s(f) = f**3 - f**2 + 3*f - 3. Let x be s(2). Let g = h - x. What is the units digit of g?
6
Let g be -3 + (-6)/(-2) - 0. Let s be (-4 - g)*(-3)/(-2). What is the units digit of 9/(-6) - 15/s?
1
Let r(k) be the first derivative of -5*k**2/2 - 6*k + 5. Let t be r(-4). Suppose 2 = -z + t. What is the units digit of z?
2
Suppose 2*z - 394 = -3*x, -4*z - 3*x - x = -788. What is the units digit of z?
7
Let t = 685 - -149. What is the tens digit of t?
3
Let j(n) = 4*n**2 + 7*n + 35. What is the units digit of j(8)?
7
Let b(q) be the first derivative of q**3/3 + 7*q**2/2 + 13*q + 3. What is the tens digit of b(-9)?
3
Suppose 4*v - 4025 = -365. What is t